ate the greatest common divisor of d and m.
8
Suppose 4*f = 3*f + 8. Let v be 572/18 + (-10)/(-45). What is the highest common factor of f and v?
8
Let a(t) = -t**3 - 18*t**2 - 18*t - 17. Let y be a(-17). Suppose -4*h + 4*b + 37 = -51, y = h - 5*b - 38. Calculate the highest common divisor of h and 2.
2
Suppose 72 = 2*c + 2*i, -c = -7*i + 4*i - 28. Let f be 12/(0 + 2)*17. Calculate the greatest common factor of f and c.
34
Let m(j) = -20*j**2 + 2*j. Let y be m(2). Let g = -45 - y. Let l = 46 - g. Calculate the highest common divisor of l and 60.
15
Let j = 2737 + -745. Let l be -2 + (-21)/(-12) - j/(-32). What is the greatest common factor of 93 and l?
31
Let v be (-70)/(-56) + 1/(-4). Suppose 0*k - 2*y + 1 = k, -k + y + v = 0. Calculate the highest common divisor of k and 5.
1
Let b be (-10)/(-5)*(-26)/(-4). Let g = 21 - 8. Calculate the greatest common factor of b and g.
13
Let k = 0 + 0. Suppose -4*o + 397 + 83 = k. Calculate the greatest common divisor of 24 and o.
24
Let z(c) = c**2 - c - 2. Let r be z(5). Suppose -5*o + 2 = u + 11, 4*u = -2*o + r. Suppose u = -q + 30. Calculate the highest common divisor of q and 6.
6
Let l = 457 + -219. What is the highest common factor of l and 56?
14
Suppose -5*c + 5*p = -9665, 4*p - 5*p = -4*c + 7747. What is the greatest common factor of 38 and c?
38
Suppose 3*s = -3*b + 8*s + 729, 0 = -4*b + 4*s + 972. What is the greatest common factor of 27 and b?
27
Let f = -20 + 181. Calculate the highest common factor of 21 and f.
7
Suppose 46 = -4*x + 2*x + t, 4*t = 3*x + 79. Let p = -11 - x. Calculate the highest common divisor of 50 and p.
10
Suppose -8*p + 13*p = -120. Let o = p + 22. Let u be (-10)/o + (5 - 4). Calculate the greatest common divisor of u and 54.
6
Let f be 2*(-5)/(-10)*-5. Let g = 12 + f. Calculate the highest common divisor of g and 28.
7
Let x(d) = 56*d**2 - d + 1. Let m be x(-1). What is the greatest common factor of m and 290?
58
Let j be ((-8)/20)/(2 + 31/(-15)). Let b(x) = -4 + 0 + 2*x**2 + 2. Let s be b(-2). Calculate the greatest common divisor of s and j.
6
Let s = -1620 - -2016. What is the greatest common divisor of 308 and s?
44
Suppose 4*a - 2*z - 2 = 0, 3*a - z + 2 - 4 = 0. Let w(r) = 197*r**2 + 1. Let q be w(a). Suppose -2*y + 90 = 3*y. Calculate the highest common factor of y and q.
18
Let z = 12 - 12. Suppose -4*q + 56 = -p - z*p, 2*q - 4*p = 42. What is the greatest common factor of q and 13?
13
Suppose i - 109 = 123. Let o(w) = 3*w + 11. Let r = -9 - -15. Let m be o(r). What is the highest common divisor of m and i?
29
Suppose 5*p - 2*a = 338, 5*p - 4*a - 310 = 26. Calculate the highest common divisor of 8 and p.
4
Let b = 2091 + 416. What is the greatest common factor of 23 and b?
23
Suppose u + i = -3 + 48, 155 = 3*u - 2*i. Let h(v) = v**3 - 16*v**2 + 27*v + 21. Let c be h(14). Calculate the greatest common divisor of u and c.
7
Suppose 5*v - 15 = 0, -4 = -2*y - v + 13. Suppose 4*h - 5 = 30*d - 35*d, -3 = -3*d - h. Calculate the highest common factor of y and d.
1
Let g be (117/(-180) - (-1)/4)*-10. Calculate the greatest common factor of g and 5.
1
Let u = -55 - -75. Calculate the greatest common divisor of 190 and u.
10
Let i(u) = -2 + 2*u + 0*u**3 - u**3 + 0*u**3 - 2*u**2 + 6*u**3. Let g be i(2). Let h = g + 11. What is the highest common divisor of 18 and h?
9
Let u = 709 + -673. What is the highest common factor of u and 828?
36
Let r be ((-4 - -3)/1)/(2/(-60)). Calculate the highest common factor of r and 1140.
30
Let l = -1175 + 1332. Calculate the greatest common factor of 1 and l.
1
Let y = 455 - 444. Calculate the greatest common divisor of 385 and y.
11
Let j be (92/5)/(1/5). Suppose 2*n = -5*y + 337, 0 = 3*y + y - 5*n - 296. Let x be (-3)/(60/y - 1). What is the greatest common divisor of x and j?
23
Suppose -3906 = -8*t - 6*t. What is the highest common divisor of t and 18?
9
Suppose 3*c = -5*y + 275, -5*y + 319 = -3*c + 14. Calculate the highest common divisor of y and 145.
29
Suppose v - 9 = 3*v + k, -9 = v + 5*k. Let p be 1*(v - -2) - -534. Suppose 101 = g - 2*d - 67, -3*g - d = -p. Calculate the greatest common divisor of g and 22.
22
Suppose -3*i + 4*w = -6*i, -2*w = 3*i - 6. Let x = -6 - -8. Suppose q = i*b - 71, 0 = x*b - 0*q + q - 31. Calculate the greatest common factor of 153 and b.
17
Let a = 101 - 96. Let l be (462/(-35))/((-2)/10). Suppose y + 4 = -0*y, a*w - l = 4*y. Calculate the greatest common factor of 40 and w.
10
Suppose 5*c - 5*a + 8*a - 236 = 0, 0 = 2*c + 2*a - 92. Calculate the greatest common factor of c and 1.
1
Suppose -3*y + 7 - 6 = -4*k, -18 = 2*y + 2*k. Let x = y + 9. What is the greatest common factor of 3 and x?
1
Let k = -153 + 233. What is the greatest common factor of 16 and k?
16
Suppose -8*j - 1260 = -38*j. Calculate the greatest common factor of j and 30.
6
Let l = 44 - -44. Let s = 148 - l. Calculate the highest common divisor of s and 24.
12
Suppose k - 4*v = -13, 2*k = v - 79 + 25. Suppose -4*m - 12 = 5*a + 106, -4*a + 4*m = 116. Let g = a - k. Calculate the greatest common divisor of g and 24.
3
Let o(u) = -u**3 - 8*u**2 + 13*u - 14. Let d be o(-10). Let n = d - 29. Let s = 123 - n. What is the highest common factor of 12 and s?
12
Let a be 6/27 + (-1647)/(-243). Calculate the highest common factor of 119 and a.
7
Let l = 51 + -27. What is the highest common divisor of l and 24?
24
Suppose -23 = -5*o + 42. Let t = o - 10. What is the greatest common divisor of t and 3?
3
Let o be -1 - 0 - 15/(-3). Let t(s) = -s**2 - 10*s + 20. Let p be t(-10). Calculate the highest common factor of o and p.
4
Let i(v) = 2*v - 29. Let f be i(18). Suppose f*h = -0*h + 546. Calculate the greatest common factor of 6 and h.
6
Let z = 50 - 28. Let g be (-18)/9*(-46)/(-4). Let j = g + 25. Calculate the greatest common divisor of j and z.
2
Suppose -j + 2 = 4. Let k be (-9)/(-6) - (-1)/j. Suppose -2*m + 21 = k. What is the greatest common factor of m and 50?
10
Let v(j) = j. Let b be v(6). Let z(f) = 17*f**2 + 3*f + 51*f**2 - 4*f - 1. Let a be z(1). Calculate the highest common factor of a and b.
6
Let h = 665 - 661. Let j be 2/3 - (-44)/6. Calculate the greatest common divisor of h and j.
4
Suppose -l + 3*l - 366 = 0. Suppose -6*a = -2*a + 412. Let m = l + a. What is the greatest common factor of m and 20?
20
Suppose -s = 3*u - 365, -1488 = -4*s - 6*u + u. Calculate the highest common divisor of 29 and s.
29
Let p be (-1)/((-4)/(-44)*-1). Suppose 3*h = -5*a + 47 + 34, 15 = 5*a. Calculate the greatest common divisor of h and p.
11
Let z = 34 + -21. Let y be (2 + 282/(-4))/((-4)/8). Let w = y - 85. Calculate the highest common divisor of w and z.
13
Suppose 0 = 3*p - 2*i - 4, -i + 2*i + 1 = p. Let s be p*(-2)/4 + 10. Suppose -79 - 11 = -2*f. Calculate the greatest common factor of s and f.
9
Let f = -2 + 4. Let b be (f - 4) + 0 + 23. Suppose 37*t + 441 = 44*t. Calculate the highest common factor of b and t.
21
Let q = -69 - -111. Suppose 2*g + 46 = 256. Calculate the highest common factor of g and q.
21
Let r = -5 + 8. Let d be r/3 - 3*-5. Let l be -4 - -2 - (-136)/(2 + 2). Calculate the highest common divisor of l and d.
16
Suppose -92*l = -86*l - 342. What is the greatest common divisor of l and 95?
19
Suppose 0 = 2*d - o - 109, 0 = -3*d - 10*o + 7*o + 141. What is the highest common divisor of d and 6?
2
Let o(a) = -5*a + 10. Suppose 4*d = -5*y - 12, d - 2*d - 3*y - 3 = 0. Let v be o(d). What is the greatest common factor of 10 and v?
5
Let w be -24*(152/(-32) - -4). Calculate the greatest common factor of 22 and w.
2
Suppose -10 = -5*j + 20. Let l = j + -4. Suppose 2*q + 4 = -2*t + 10, 3*t + 4*q = 10. Calculate the highest common factor of t and l.
2
Let x be 1/(-3) + 74/6. Let i = -70 + 87. Let o = 19 + i. Calculate the highest common divisor of x and o.
12
Let x = 127 + -42. Let y(i) = -i**3 + 5*i**2 + 16*i + 3. Let b be y(7). What is the greatest common factor of b and x?
17
Let f(w) = 2*w - 7. Let s(c) = c + 2. Let v be s(4). Let n be f(v). Calculate the highest common divisor of n and 5.
5
Suppose 108 = 11*u - 134. Suppose -3*m = -m - w - 108, 2*m = 3*w + 104. Calculate the highest common divisor of u and m.
11
Let a(w) = -3*w**2 + 7*w + 6. Let x(u) = -7*u**2 + 14*u + 12. Let j(l) = 5*a(l) - 2*x(l). Let b be j(6). Calculate the